{"id":120,"date":"2026-01-13T09:59:44","date_gmt":"2026-01-13T09:59:44","guid":{"rendered":"https:\/\/cadreled.fr\/?page_id=120"},"modified":"2026-01-27T04:20:41","modified_gmt":"2026-01-27T04:20:41","slug":"mentions-legales","status":"publish","type":"page","link":"https:\/\/cadreled.fr\/?page_id=120","title":{"rendered":"Mentions l\u00e9gales"},"content":{"rendered":"\n<h2 class=\"wp-block-heading\"><strong>H\u00e9bergement<\/strong><\/h2>\n\n\n\n<p>Le site est h\u00e9berg\u00e9 par :<\/p>\n\n\n\n<p><strong>OVH SAS<\/strong><br>2 rue Kellermann<br>59100 Roubaix \u2013 France<br>T\u00e9l\u00e9phone : <strong>1007<\/strong><br>Site web : <strong><a>www.ovh.com<\/a><\/strong><\/p>\n\n\n\n<h2 class=\"wp-block-heading\"><strong>Propri\u00e9t\u00e9 intellectuelle<\/strong><\/h2>\n\n\n\n<p>L\u2019ensemble du contenu pr\u00e9sent sur le site <strong>cadreled.fr<\/strong> (textes, images, photographies, graphismes, logos, cr\u00e9ations, designs, vid\u00e9os, \u00e9l\u00e9ments visuels et sonores) est prot\u00e9g\u00e9 par le droit d\u2019auteur et reste la propri\u00e9t\u00e9 exclusive de l\u2019\u00e9ditrice du site, sauf mention contraire.<\/p>\n\n\n\n<p>Toute reproduction, repr\u00e9sentation, modification, diffusion ou exploitation, totale ou partielle, sans autorisation \u00e9crite pr\u00e9alable est strictement interdite.<\/p>\n\n\n\n<p class=\"has-black-color has-text-color has-link-color has-large-font-size wp-elements-3bfbb69c99f16d3091d412cc571b3b2c\"><strong>La soci\u00e9t\u00e9 <\/strong><\/p>\n\n\n\n<p>St\u00e9phanie JAMES<br><strong>Auto-entrepreneur<\/strong>,<br>Adresse : 2 RUE DE RAMBOUILLET 01800 MEXIMIEUX<br>Email : contact@touchedetoi.fr<br>SIRET : 931639082 00011<\/p>\n\n\n\n<p>via le site internet cadreled.fr<\/p>\n\n\n\n<p><\/p>\n\n\n\n<hr class=\"wp-block-separator has-alpha-channel-opacity\"\/>\n\n\n\n<h2 class=\"wp-block-heading\"><strong>Responsabilit\u00e9<\/strong><\/h2>\n\n\n\n<p>L\u2019\u00e9ditrice du site s\u2019efforce de fournir des informations aussi pr\u00e9cises que possible.<br>Toutefois, elle ne pourra \u00eatre tenue responsable des omissions, des inexactitudes ou des carences dans la mise \u00e0 jour des informations.<\/p>\n\n\n\n<p>Le site peut contenir des liens vers d\u2019autres sites.<br>L\u2019\u00e9ditrice ne peut \u00eatre tenue responsable du contenu de ces sites tiers.<\/p>\n\n\n\n<hr class=\"wp-block-separator has-alpha-channel-opacity\"\/>\n\n\n\n<h2 class=\"wp-block-heading\"><strong>Donn\u00e9es personnelles<\/strong><\/h2>\n\n\n\n<p>Les donn\u00e9es personnelles collect\u00e9es via le site (formulaire de contact, commande, compte client) sont n\u00e9cessaires \u00e0 la gestion des demandes et commandes.<\/p>\n\n\n\n<p>Elles sont trait\u00e9es conform\u00e9ment \u00e0 la r\u00e9glementation en vigueur.<br>Le visiteur dispose d\u2019un droit d\u2019acc\u00e8s, de rectification et de suppression de ses donn\u00e9es en adressant une demande \u00e0 l\u2019adresse suivante :<br>\ud83d\udce7 <strong><a>contact@touchedetoi.fr<\/a><\/strong><\/p>\n\n\n\n<p>Pour plus d\u2019informations, se r\u00e9f\u00e9rer \u00e0 la <strong>Politique de confidentialit\u00e9<\/strong> du site.<\/p>\n\n\n\n<hr class=\"wp-block-separator has-alpha-channel-opacity\"\/>\n\n\n\n<h2 class=\"wp-block-heading\"><strong>Cookies<\/strong><\/h2>\n\n\n\n<p>Le site peut \u00eatre amen\u00e9 \u00e0 utiliser des cookies \u00e0 des fins de fonctionnement, de statistiques ou d\u2019am\u00e9lioration de l\u2019exp\u00e9rience utilisateur.<\/p>\n\n\n\n<p>L\u2019utilisateur peut configurer son navigateur pour refuser les cookies.<\/p>\n\n\n\n<hr class=\"wp-block-separator has-alpha-channel-opacity\"\/>\n\n\n\n<h2 class=\"wp-block-heading\"><strong>Droit applicable<\/strong><\/h2>\n\n\n\n<p>Les pr\u00e9sentes mentions l\u00e9gales sont soumises au droit fran\u00e7ais.<br>En cas de litige, les tribunaux fran\u00e7ais seront seuls comp\u00e9tents.<\/p>\n\n\n\n<p><\/p>\n","protected":false},"excerpt":{"rendered":"<p>H\u00e9bergement Le site est h\u00e9berg\u00e9 par : OVH SAS2 rue Kellermann59100 Roubaix \u2013 FranceT\u00e9l\u00e9phone : 1007Site web : www.ovh.com Propri\u00e9t\u00e9 intellectuelle L\u2019ensemble du contenu pr\u00e9sent sur le site cadreled.fr (textes,&hellip;<\/p>\n","protected":false},"author":1,"featured_media":0,"parent":0,"menu_order":0,"comment_status":"closed","ping_status":"closed","template":"","meta":{"footnotes":""},"class_list":["post-120","page","type-page","status-publish","hentry"],"jetpack_sharing_enabled":true,"_links":{"self":[{"href":"https:\/\/cadreled.fr\/index.php?rest_route=\/wp\/v2\/pages\/120","targetHints":{"allow":["GET"]}}],"collection":[{"href":"https:\/\/cadreled.fr\/index.php?rest_route=\/wp\/v2\/pages"}],"about":[{"href":"https:\/\/cadreled.fr\/index.php?rest_route=\/wp\/v2\/types\/page"}],"author":[{"embeddable":true,"href":"https:\/\/cadreled.fr\/index.php?rest_route=\/wp\/v2\/users\/1"}],"replies":[{"embeddable":true,"href":"https:\/\/cadreled.fr\/index.php?rest_route=%2Fwp%2Fv2%2Fcomments&post=120"}],"version-history":[{"count":2,"href":"https:\/\/cadreled.fr\/index.php?rest_route=\/wp\/v2\/pages\/120\/revisions"}],"predecessor-version":[{"id":457,"href":"https:\/\/cadreled.fr\/index.php?rest_route=\/wp\/v2\/pages\/120\/revisions\/457"}],"wp:attachment":[{"href":"https:\/\/cadreled.fr\/index.php?rest_route=%2Fwp%2Fv2%2Fmedia&parent=120"}],"curies":[{"name":"wp","href":"https:\/\/api.w.org\/{rel}","templated":true}]}}

Mentions légales

<h2 class="wp-block-heading"><strong>Hébergement</strong></h2>



<p>Le site est hébergé par :</p>



<p><strong>OVH SAS</strong><br>2 rue Kellermann<br>59100 Roubaix – France<br>Téléphone : <strong>1007</strong><br>Site web : <strong><a>www.ovh.com</a></strong></p>



<h2 class="wp-block-heading"><strong>Propriété intellectuelle</strong></h2>



<p>L’ensemble du contenu présent sur le site <strong>cadreled.fr</strong> (textes, images, photographies, graphismes, logos, créations, designs, vidéos, éléments visuels et sonores) est protégé par le droit d’auteur et reste la propriété exclusive de l’éditrice du site, sauf mention contraire.</p>



<p>Toute reproduction, représentation, modification, diffusion ou exploitation, totale ou partielle, sans autorisation écrite préalable est strictement interdite.</p>



<p class="has-black-color has-text-color has-link-color has-large-font-size wp-elements-3bfbb69c99f16d3091d412cc571b3b2c"><strong>La société </strong></p>



<p>Stéphanie JAMES<br><strong>Auto-entrepreneur</strong>,<br>Adresse : 2 RUE DE RAMBOUILLET 01800 MEXIMIEUX<br>Email : contact@touchedetoi.fr<br>SIRET : 931639082 00011</p>



<p>via le site internet cadreled.fr</p>



<p></p>



<hr class="wp-block-separator has-alpha-channel-opacity"/>



<h2 class="wp-block-heading"><strong>Responsabilité</strong></h2>



<p>L’éditrice du site s’efforce de fournir des informations aussi précises que possible.<br>Toutefois, elle ne pourra être tenue responsable des omissions, des inexactitudes ou des carences dans la mise à jour des informations.</p>



<p>Le site peut contenir des liens vers d’autres sites.<br>L’éditrice ne peut être tenue responsable du contenu de ces sites tiers.</p>



<hr class="wp-block-separator has-alpha-channel-opacity"/>



<h2 class="wp-block-heading"><strong>Données personnelles</strong></h2>



<p>Les données personnelles collectées via le site (formulaire de contact, commande, compte client) sont nécessaires à la gestion des demandes et commandes.</p>



<p>Elles sont traitées conformément à la réglementation en vigueur.<br>Le visiteur dispose d’un droit d’accès, de rectification et de suppression de ses données en adressant une demande à l’adresse suivante :<br>📧 <strong><a>contact@touchedetoi.fr</a></strong></p>



<p>Pour plus d’informations, se référer à la <strong>Politique de confidentialité</strong> du site.</p>



<hr class="wp-block-separator has-alpha-channel-opacity"/>



<h2 class="wp-block-heading"><strong>Cookies</strong></h2>



<p>Le site peut être amené à utiliser des cookies à des fins de fonctionnement, de statistiques ou d’amélioration de l’expérience utilisateur.</p>



<p>L’utilisateur peut configurer son navigateur pour refuser les cookies.</p>



<hr class="wp-block-separator has-alpha-channel-opacity"/>



<h2 class="wp-block-heading"><strong>Droit applicable</strong></h2>



<p>Les présentes mentions légales sont soumises au droit français.<br>En cas de litige, les tribunaux français seront seuls compétents.</p>



<p></p>

<p>Hébergement Le site est hébergé par : OVH SAS2 rue Kellermann59100 Roubaix – FranceTéléphone : 1007Site web : www.ovh.com Propriété intellectuelle L’ensemble du contenu présent sur le site cadreled.fr (textes,&hellip;</p>
