{"id":124,"date":"2026-01-13T10:16:45","date_gmt":"2026-01-13T10:16:45","guid":{"rendered":"https:\/\/cadreled.fr\/?page_id=124"},"modified":"2026-01-13T10:16:48","modified_gmt":"2026-01-13T10:16:48","slug":"politique-de-confidentialite","status":"publish","type":"page","link":"https:\/\/cadreled.fr\/?page_id=124","title":{"rendered":"Politique de confidentialit\u00e9"},"content":{"rendered":"\n<h1 class=\"wp-block-heading\"><strong>POLITIQUE DE CONFIDENTIALIT\u00c9<\/strong><\/h1>\n\n\n\n<h2 class=\"wp-block-heading\"><strong>1. Responsable du traitement<\/strong><\/h2>\n\n\n\n<p>Les donn\u00e9es personnelles sont collect\u00e9es par :<\/p>\n\n\n\n<p><strong>St\u00e9phanie JAMES<\/strong><br>Statut : <strong>Auto-entrepreneur<\/strong><br>Adresse : <strong>2 rue de Rambouillet, 01800 Meximieux, France<\/strong><br>Adresse e-mail : <strong><a>contact@touchedetoi.fr<\/a><\/strong><br>Site : <strong><a href=\"https:\/\/www.cadreled.fr\">https:\/\/www.cadreled.fr<\/a><\/strong><\/p>\n\n\n\n<hr class=\"wp-block-separator has-alpha-channel-opacity\"\/>\n\n\n\n<h2 class=\"wp-block-heading\"><strong>2. Donn\u00e9es collect\u00e9es<\/strong><\/h2>\n\n\n\n<p>Le site peut collecter les donn\u00e9es personnelles suivantes :<\/p>\n\n\n\n<ul class=\"wp-block-list\">\n<li>Nom et pr\u00e9nom<\/li>\n\n\n\n<li>Adresse postale<\/li>\n\n\n\n<li>Adresse e-mail<\/li>\n\n\n\n<li>Num\u00e9ro de t\u00e9l\u00e9phone<\/li>\n\n\n\n<li>Informations de commande<\/li>\n\n\n\n<li>Informations de paiement (via prestataires s\u00e9curis\u00e9s)<\/li>\n\n\n\n<li>Adresse IP<\/li>\n\n\n\n<li>Donn\u00e9es de navigation (cookies)<\/li>\n<\/ul>\n\n\n\n<hr class=\"wp-block-separator has-alpha-channel-opacity\"\/>\n\n\n\n<h2 class=\"wp-block-heading\"><strong>3. Finalit\u00e9s de la collecte<\/strong><\/h2>\n\n\n\n<p>Les donn\u00e9es sont collect\u00e9es pour les finalit\u00e9s suivantes :<\/p>\n\n\n\n<ul class=\"wp-block-list\">\n<li>Gestion des commandes et livraisons<\/li>\n\n\n\n<li>Gestion de la relation client<\/li>\n\n\n\n<li>Traitement des paiements<\/li>\n\n\n\n<li>Cr\u00e9ation et gestion des comptes clients<\/li>\n\n\n\n<li>R\u00e9ponse aux demandes via le formulaire de contact<\/li>\n\n\n\n<li>Am\u00e9lioration du site et de l\u2019exp\u00e9rience utilisateur<\/li>\n\n\n\n<li>Obligations l\u00e9gales et comptables<\/li>\n<\/ul>\n\n\n\n<hr class=\"wp-block-separator has-alpha-channel-opacity\"\/>\n\n\n\n<h2 class=\"wp-block-heading\"><strong>4. Base l\u00e9gale du traitement<\/strong><\/h2>\n\n\n\n<p>Les traitements reposent sur :<\/p>\n\n\n\n<ul class=\"wp-block-list\">\n<li>L\u2019ex\u00e9cution d\u2019un contrat (commande)<\/li>\n\n\n\n<li>Le consentement de l\u2019utilisateur (formulaires, cookies)<\/li>\n\n\n\n<li>Le respect d\u2019obligations l\u00e9gales<\/li>\n<\/ul>\n\n\n\n<hr class=\"wp-block-separator has-alpha-channel-opacity\"\/>\n\n\n\n<h2 class=\"wp-block-heading\"><strong>5. Destinataires des donn\u00e9es<\/strong><\/h2>\n\n\n\n<p>Les donn\u00e9es peuvent \u00eatre transmises uniquement aux prestataires n\u00e9cessaires au fonctionnement du site :<\/p>\n\n\n\n<ul class=\"wp-block-list\">\n<li>Prestataires de paiement (Stripe, PayPal)<\/li>\n\n\n\n<li>Prestataires de livraison<\/li>\n\n\n\n<li>H\u00e9bergeur du site : <strong>OVH SAS<\/strong><\/li>\n<\/ul>\n\n\n\n<p>Aucune donn\u00e9e personnelle n\u2019est vendue ou c\u00e9d\u00e9e \u00e0 des tiers.<\/p>\n\n\n\n<hr class=\"wp-block-separator has-alpha-channel-opacity\"\/>\n\n\n\n<h2 class=\"wp-block-heading\"><strong>6. Dur\u00e9e de conservation<\/strong><\/h2>\n\n\n\n<p>Les donn\u00e9es sont conserv\u00e9es :<\/p>\n\n\n\n<ul class=\"wp-block-list\">\n<li>Donn\u00e9es clients : dur\u00e9e l\u00e9gale comptable (jusqu\u2019\u00e0 10 ans)<\/li>\n\n\n\n<li>Donn\u00e9es de contact : 3 ans<\/li>\n\n\n\n<li>Cookies : 13 mois maximum<\/li>\n<\/ul>\n\n\n\n<hr class=\"wp-block-separator has-alpha-channel-opacity\"\/>\n\n\n\n<h2 class=\"wp-block-heading\"><strong>7. S\u00e9curit\u00e9 des donn\u00e9es<\/strong><\/h2>\n\n\n\n<p>Toutes les mesures techniques et organisationnelles sont mises en \u0153uvre pour prot\u00e9ger les donn\u00e9es personnelles contre l\u2019acc\u00e8s non autoris\u00e9, la perte ou la divulgation.<\/p>\n\n\n\n<p>Les paiements sont trait\u00e9s via des plateformes s\u00e9curis\u00e9es et le site utilise un protocole HTTPS.<\/p>\n\n\n\n<hr class=\"wp-block-separator has-alpha-channel-opacity\"\/>\n\n\n\n<h2 class=\"wp-block-heading\"><strong>8. Droits des utilisateurs<\/strong><\/h2>\n\n\n\n<p>Conform\u00e9ment au RGPD, l\u2019utilisateur dispose des droits suivants :<\/p>\n\n\n\n<ul class=\"wp-block-list\">\n<li>Droit d\u2019acc\u00e8s<\/li>\n\n\n\n<li>Droit de rectification<\/li>\n\n\n\n<li>Droit d\u2019effacement<\/li>\n\n\n\n<li>Droit \u00e0 la limitation du traitement<\/li>\n\n\n\n<li>Droit d\u2019opposition<\/li>\n\n\n\n<li>Droit \u00e0 la portabilit\u00e9 des donn\u00e9es<\/li>\n<\/ul>\n\n\n\n<p>Toute demande peut \u00eatre adress\u00e9e par email \u00e0 :<br>\ud83d\udce7 <strong><a>contact@touchedetoi.fr<\/a><\/strong><\/p>\n\n\n\n<hr class=\"wp-block-separator has-alpha-channel-opacity\"\/>\n\n\n\n<h2 class=\"wp-block-heading\"><strong>9. Cookies<\/strong><\/h2>\n\n\n\n<p>Le site utilise des cookies pour :<\/p>\n\n\n\n<ul class=\"wp-block-list\">\n<li>Assurer le bon fonctionnement du site<\/li>\n\n\n\n<li>Mesurer l\u2019audience<\/li>\n\n\n\n<li>Am\u00e9liorer l\u2019exp\u00e9rience utilisateur<\/li>\n<\/ul>\n\n\n\n<p>L\u2019utilisateur peut configurer son navigateur pour refuser les cookies.<\/p>\n\n\n\n<hr class=\"wp-block-separator has-alpha-channel-opacity\"\/>\n\n\n\n<h2 class=\"wp-block-heading\"><strong>10. R\u00e9clamation aupr\u00e8s de la CNIL<\/strong><\/h2>\n\n\n\n<p>Si l\u2019utilisateur estime que ses droits ne sont pas respect\u00e9s, il peut introduire une r\u00e9clamation aupr\u00e8s de la :<\/p>\n\n\n\n<p><strong>CNIL \u2013 Commission Nationale de l\u2019Informatique et des Libert\u00e9s<\/strong><br>Site : <strong><a>www.cnil.fr<\/a><\/strong><\/p>\n\n\n\n<hr class=\"wp-block-separator has-alpha-channel-opacity\"\/>\n\n\n\n<h2 class=\"wp-block-heading\"><strong>11. Modification de la politique<\/strong><\/h2>\n\n\n\n<p>La pr\u00e9sente politique de confidentialit\u00e9 peut \u00eatre modifi\u00e9e \u00e0 tout moment.<\/p>\n\n\n\n<p>La date de derni\u00e8re mise \u00e0 jour est indiqu\u00e9e ci-dessous.<\/p>\n\n\n\n<hr class=\"wp-block-separator has-alpha-channel-opacity\"\/>\n\n\n\n<p><strong>Derni\u00e8re mise \u00e0 jour : 13\/01\/2026<\/strong><\/p>\n","protected":false},"excerpt":{"rendered":"<p>POLITIQUE DE CONFIDENTIALIT\u00c9 1. Responsable du traitement Les donn\u00e9es personnelles sont collect\u00e9es par : St\u00e9phanie JAMESStatut : Auto-entrepreneurAdresse : 2 rue de Rambouillet, 01800 Meximieux, FranceAdresse e-mail : contact@touchedetoi.frSite :&hellip;<\/p>\n","protected":false},"author":1,"featured_media":0,"parent":0,"menu_order":0,"comment_status":"closed","ping_status":"closed","template":"","meta":{"footnotes":""},"class_list":["post-124","page","type-page","status-publish","hentry"],"jetpack_sharing_enabled":true,"_links":{"self":[{"href":"https:\/\/cadreled.fr\/index.php?rest_route=\/wp\/v2\/pages\/124","targetHints":{"allow":["GET"]}}],"collection":[{"href":"https:\/\/cadreled.fr\/index.php?rest_route=\/wp\/v2\/pages"}],"about":[{"href":"https:\/\/cadreled.fr\/index.php?rest_route=\/wp\/v2\/types\/page"}],"author":[{"embeddable":true,"href":"https:\/\/cadreled.fr\/index.php?rest_route=\/wp\/v2\/users\/1"}],"replies":[{"embeddable":true,"href":"https:\/\/cadreled.fr\/index.php?rest_route=%2Fwp%2Fv2%2Fcomments&post=124"}],"version-history":[{"count":1,"href":"https:\/\/cadreled.fr\/index.php?rest_route=\/wp\/v2\/pages\/124\/revisions"}],"predecessor-version":[{"id":125,"href":"https:\/\/cadreled.fr\/index.php?rest_route=\/wp\/v2\/pages\/124\/revisions\/125"}],"wp:attachment":[{"href":"https:\/\/cadreled.fr\/index.php?rest_route=%2Fwp%2Fv2%2Fmedia&parent=124"}],"curies":[{"name":"wp","href":"https:\/\/api.w.org\/{rel}","templated":true}]}}

Politique de confidentialité

<h1 class="wp-block-heading"><strong>POLITIQUE DE CONFIDENTIALITÉ</strong></h1>



<h2 class="wp-block-heading"><strong>1. Responsable du traitement</strong></h2>



<p>Les données personnelles sont collectées par :</p>



<p><strong>Stéphanie JAMES</strong><br>Statut : <strong>Auto-entrepreneur</strong><br>Adresse : <strong>2 rue de Rambouillet, 01800 Meximieux, France</strong><br>Adresse e-mail : <strong><a>contact@touchedetoi.fr</a></strong><br>Site : <strong><a href="https://www.cadreled.fr">https://www.cadreled.fr</a></strong></p>



<hr class="wp-block-separator has-alpha-channel-opacity"/>



<h2 class="wp-block-heading"><strong>2. Données collectées</strong></h2>



<p>Le site peut collecter les données personnelles suivantes :</p>



<ul class="wp-block-list">
<li>Nom et prénom</li>



<li>Adresse postale</li>



<li>Adresse e-mail</li>



<li>Numéro de téléphone</li>



<li>Informations de commande</li>



<li>Informations de paiement (via prestataires sécurisés)</li>



<li>Adresse IP</li>



<li>Données de navigation (cookies)</li>
</ul>



<hr class="wp-block-separator has-alpha-channel-opacity"/>



<h2 class="wp-block-heading"><strong>3. Finalités de la collecte</strong></h2>



<p>Les données sont collectées pour les finalités suivantes :</p>



<ul class="wp-block-list">
<li>Gestion des commandes et livraisons</li>



<li>Gestion de la relation client</li>



<li>Traitement des paiements</li>



<li>Création et gestion des comptes clients</li>



<li>Réponse aux demandes via le formulaire de contact</li>



<li>Amélioration du site et de l’expérience utilisateur</li>



<li>Obligations légales et comptables</li>
</ul>



<hr class="wp-block-separator has-alpha-channel-opacity"/>



<h2 class="wp-block-heading"><strong>4. Base légale du traitement</strong></h2>



<p>Les traitements reposent sur :</p>



<ul class="wp-block-list">
<li>L’exécution d’un contrat (commande)</li>



<li>Le consentement de l’utilisateur (formulaires, cookies)</li>



<li>Le respect d’obligations légales</li>
</ul>



<hr class="wp-block-separator has-alpha-channel-opacity"/>



<h2 class="wp-block-heading"><strong>5. Destinataires des données</strong></h2>



<p>Les données peuvent être transmises uniquement aux prestataires nécessaires au fonctionnement du site :</p>



<ul class="wp-block-list">
<li>Prestataires de paiement (Stripe, PayPal)</li>



<li>Prestataires de livraison</li>



<li>Hébergeur du site : <strong>OVH SAS</strong></li>
</ul>



<p>Aucune donnée personnelle n’est vendue ou cédée à des tiers.</p>



<hr class="wp-block-separator has-alpha-channel-opacity"/>



<h2 class="wp-block-heading"><strong>6. Durée de conservation</strong></h2>



<p>Les données sont conservées :</p>



<ul class="wp-block-list">
<li>Données clients : durée légale comptable (jusqu’à 10 ans)</li>



<li>Données de contact : 3 ans</li>



<li>Cookies : 13 mois maximum</li>
</ul>



<hr class="wp-block-separator has-alpha-channel-opacity"/>



<h2 class="wp-block-heading"><strong>7. Sécurité des données</strong></h2>



<p>Toutes les mesures techniques et organisationnelles sont mises en œuvre pour protéger les données personnelles contre l’accès non autorisé, la perte ou la divulgation.</p>



<p>Les paiements sont traités via des plateformes sécurisées et le site utilise un protocole HTTPS.</p>



<hr class="wp-block-separator has-alpha-channel-opacity"/>



<h2 class="wp-block-heading"><strong>8. Droits des utilisateurs</strong></h2>



<p>Conformément au RGPD, l’utilisateur dispose des droits suivants :</p>



<ul class="wp-block-list">
<li>Droit d’accès</li>



<li>Droit de rectification</li>



<li>Droit d’effacement</li>



<li>Droit à la limitation du traitement</li>



<li>Droit d’opposition</li>



<li>Droit à la portabilité des données</li>
</ul>



<p>Toute demande peut être adressée par email à :<br>📧 <strong><a>contact@touchedetoi.fr</a></strong></p>



<hr class="wp-block-separator has-alpha-channel-opacity"/>



<h2 class="wp-block-heading"><strong>9. Cookies</strong></h2>



<p>Le site utilise des cookies pour :</p>



<ul class="wp-block-list">
<li>Assurer le bon fonctionnement du site</li>



<li>Mesurer l’audience</li>



<li>Améliorer l’expérience utilisateur</li>
</ul>



<p>L’utilisateur peut configurer son navigateur pour refuser les cookies.</p>



<hr class="wp-block-separator has-alpha-channel-opacity"/>



<h2 class="wp-block-heading"><strong>10. Réclamation auprès de la CNIL</strong></h2>



<p>Si l’utilisateur estime que ses droits ne sont pas respectés, il peut introduire une réclamation auprès de la :</p>



<p><strong>CNIL – Commission Nationale de l’Informatique et des Libertés</strong><br>Site : <strong><a>www.cnil.fr</a></strong></p>



<hr class="wp-block-separator has-alpha-channel-opacity"/>



<h2 class="wp-block-heading"><strong>11. Modification de la politique</strong></h2>



<p>La présente politique de confidentialité peut être modifiée à tout moment.</p>



<p>La date de dernière mise à jour est indiquée ci-dessous.</p>



<hr class="wp-block-separator has-alpha-channel-opacity"/>



<p><strong>Dernière mise à jour : 13/01/2026</strong></p>

<p>POLITIQUE DE CONFIDENTIALITÉ 1. Responsable du traitement Les données personnelles sont collectées par : Stéphanie JAMESStatut : Auto-entrepreneurAdresse : 2 rue de Rambouillet, 01800 Meximieux, FranceAdresse e-mail : contact@touchedetoi.frSite :&hellip;</p>
