{"id":129,"date":"2026-01-13T12:37:44","date_gmt":"2026-01-13T12:37:44","guid":{"rendered":"https:\/\/cadreled.fr\/?post_type=product&#038;p=129"},"modified":"2026-01-25T07:21:16","modified_gmt":"2026-01-25T07:21:16","slug":"cadre-led-personnalise-16x16","status":"publish","type":"product","link":"https:\/\/cadreled.fr\/?product=cadre-led-personnalise-16x16","title":{"rendered":"Cadre LED personnalis\u00e9 16&#215;16"},"content":{"rendered":"<p data-start=\"702\" data-end=\"969\">Ce cadre LED de <strong data-start=\"718\" data-end=\"737\">format 16\u00d716 cm<\/strong> est enti\u00e8rement personnalisable pour mettre en lumi\u00e8re vos plus beaux souvenirs.<br data-start=\"818\" data-end=\"821\" \/>Ajoutez <strong data-start=\"829\" data-end=\"885\">votre photo, une illustration, un texte ou un pr\u00e9nom<\/strong>, et choisissez la <strong data-start=\"904\" data-end=\"926\">couleur du contour<\/strong> pour cr\u00e9er un cadre unique, \u00e0 votre image.<\/p>\n<p data-start=\"971\" data-end=\"1122\">Con\u00e7u et fabriqu\u00e9 en France, dans l\u2019Ain, chaque cadre est <strong data-start=\"1029\" data-end=\"1051\">assembl\u00e9 \u00e0 la main<\/strong> avec soin afin de garantir une finition propre et une qualit\u00e9 durable.<\/p>\n<p data-start=\"1124\" data-end=\"1429\">Gr\u00e2ce \u00e0 son <strong data-start=\"1136\" data-end=\"1170\">\u00e9clairage LED doux et homog\u00e8ne<\/strong>, ce cadre s\u2019int\u00e8gre parfaitement dans tous les int\u00e9rieurs :<br data-start=\"1230\" data-end=\"1233\" \/>sur une table de chevet, un bureau ou une \u00e9tag\u00e8re.<br data-start=\"1283\" data-end=\"1286\" \/>Il peut \u00eatre utilis\u00e9 aussi bien comme <strong data-start=\"1324\" data-end=\"1343\">objet d\u00e9coratif<\/strong>, <strong data-start=\"1345\" data-end=\"1368\">cadeau personnalis\u00e9<\/strong> ou <strong data-start=\"1372\" data-end=\"1391\">veilleuse douce<\/strong>, y compris pour une chambre d\u2019enfant.<\/p>\n<h3 data-start=\"1436\" data-end=\"1470\">Caract\u00e9ristiques techniques<\/h3>\n<ul data-start=\"1472\" data-end=\"1783\">\n<li data-start=\"1472\" data-end=\"1499\">\n<p data-start=\"1474\" data-end=\"1499\"><strong data-start=\"1474\" data-end=\"1486\">Format :<\/strong> 16 \u00d7 16 cm<\/p>\n<\/li>\n<li data-start=\"1500\" data-end=\"1561\">\n<p data-start=\"1502\" data-end=\"1561\"><strong data-start=\"1502\" data-end=\"1524\">Personnalisation :<\/strong> photo, illustration, texte, pr\u00e9nom<\/p>\n<\/li>\n<li data-start=\"1562\" data-end=\"1596\">\n<p data-start=\"1564\" data-end=\"1596\"><strong data-start=\"1564\" data-end=\"1577\">Contour :<\/strong> couleur au choix<\/p>\n<\/li>\n<li data-start=\"1597\" data-end=\"1654\">\n<p data-start=\"1599\" data-end=\"1654\"><strong data-start=\"1599\" data-end=\"1614\">\u00c9clairage :<\/strong> LED basse consommation, lumi\u00e8re douce<\/p>\n<\/li>\n<li data-start=\"1655\" data-end=\"1692\">\n<p data-start=\"1657\" data-end=\"1692\"><strong data-start=\"1657\" data-end=\"1674\">Fabrication :<\/strong> fran\u00e7aise (Ain)<\/p>\n<\/li>\n<li data-start=\"1693\" data-end=\"1731\">\n<p data-start=\"1695\" data-end=\"1731\"><strong data-start=\"1695\" data-end=\"1711\">Assemblage :<\/strong> r\u00e9alis\u00e9 \u00e0 la main<\/p>\n<\/li>\n<li data-start=\"1732\" data-end=\"1783\">\n<p data-start=\"1734\" data-end=\"1783\"><strong data-start=\"1734\" data-end=\"1751\">Utilisation :<\/strong> d\u00e9coration, cadeau, veilleuse<\/p>\n<\/li>\n<li data-start=\"1732\" data-end=\"1783\"><em data-start=\"1719\" data-end=\"1801\">(adaptateur secteur et c\u00e2ble non fourni \u2014 compatible avec chargeur de t\u00e9l\u00e9phone standard)<\/em><\/li>\n<\/ul>\n<h3 data-start=\"296\" data-end=\"315\">Alimentation<\/h3>\n<p data-start=\"316\" data-end=\"542\">Le cadre est aliment\u00e9 en <strong data-start=\"341\" data-end=\"366\">5V via un c\u00e2ble USB-C<\/strong>.<\/p>\n<p data-start=\"316\" data-end=\"542\">L\u2019adaptateur secteur et le c\u00e2ble ne sont pas fourni, mais il est <strong data-start=\"421\" data-end=\"473\">compatible avec tous les chargeurs USB standards<\/strong> (chargeur de t\u00e9l\u00e9phone, multiprise USB, batterie externe, port USB).<\/p>\n<h3 data-start=\"1790\" data-end=\"1806\">Id\u00e9al pour<\/h3>\n<ul data-start=\"1807\" data-end=\"1915\">\n<li data-start=\"1807\" data-end=\"1841\">\n<p data-start=\"1809\" data-end=\"1841\">Cadeau de couple ou de mariage<\/p>\n<\/li>\n<li data-start=\"1842\" data-end=\"1880\">\n<p data-start=\"1844\" data-end=\"1880\">Cadeau de naissance ou pour enfant<\/p>\n<\/li>\n<li data-start=\"1881\" data-end=\"1915\">\n<p data-start=\"1883\" data-end=\"1915\">Souvenir familial ou d\u00e9coratif<\/p>\n<\/li>\n<\/ul>\n","protected":false},"excerpt":{"rendered":"<p>Photo, logo, cr\u00e9ation artistique ou veilleuse : cr\u00e9ez <strong>un cadre LED unique<\/strong>, \u00e0 votre image.<\/p>\n","protected":false},"featured_media":450,"comment_status":"open","ping_status":"closed","template":"","meta":[],"product_brand":[],"product_cat":[18],"product_tag":[],"class_list":{"0":"post-129","1":"product","2":"type-product","3":"status-publish","4":"has-post-thumbnail","6":"product_cat-cadres-led-personnalises","8":"first","9":"instock","10":"shipping-taxable","11":"purchasable","12":"product-type-simple"},"jetpack_sharing_enabled":true,"_links":{"self":[{"href":"https:\/\/cadreled.fr\/index.php?rest_route=\/wp\/v2\/product\/129","targetHints":{"allow":["GET"]}}],"collection":[{"href":"https:\/\/cadreled.fr\/index.php?rest_route=\/wp\/v2\/product"}],"about":[{"href":"https:\/\/cadreled.fr\/index.php?rest_route=\/wp\/v2\/types\/product"}],"replies":[{"embeddable":true,"href":"https:\/\/cadreled.fr\/index.php?rest_route=%2Fwp%2Fv2%2Fcomments&post=129"}],"wp:featuredmedia":[{"embeddable":true,"href":"https:\/\/cadreled.fr\/index.php?rest_route=\/wp\/v2\/media\/450"}],"wp:attachment":[{"href":"https:\/\/cadreled.fr\/index.php?rest_route=%2Fwp%2Fv2%2Fmedia&parent=129"}],"wp:term":[{"taxonomy":"product_brand","embeddable":true,"href":"https:\/\/cadreled.fr\/index.php?rest_route=%2Fwp%2Fv2%2Fproduct_brand&post=129"},{"taxonomy":"product_cat","embeddable":true,"href":"https:\/\/cadreled.fr\/index.php?rest_route=%2Fwp%2Fv2%2Fproduct_cat&post=129"},{"taxonomy":"product_tag","embeddable":true,"href":"https:\/\/cadreled.fr\/index.php?rest_route=%2Fwp%2Fv2%2Fproduct_tag&post=129"}],"curies":[{"name":"wp","href":"https:\/\/api.w.org\/{rel}","templated":true}]}}

Cadre LED personnalisé 16&#215;16

<p data-start="702" data-end="969">Ce cadre LED de <strong data-start="718" data-end="737">format 16×16 cm</strong> est entièrement personnalisable pour mettre en lumière vos plus beaux souvenirs.<br data-start="818" data-end="821" />Ajoutez <strong data-start="829" data-end="885">votre photo, une illustration, un texte ou un prénom</strong>, et choisissez la <strong data-start="904" data-end="926">couleur du contour</strong> pour créer un cadre unique, à votre image.</p>
<p data-start="971" data-end="1122">Conçu et fabriqué en France, dans l’Ain, chaque cadre est <strong data-start="1029" data-end="1051">assemblé à la main</strong> avec soin afin de garantir une finition propre et une qualité durable.</p>
<p data-start="1124" data-end="1429">Grâce à son <strong data-start="1136" data-end="1170">éclairage LED doux et homogène</strong>, ce cadre s’intègre parfaitement dans tous les intérieurs :<br data-start="1230" data-end="1233" />sur une table de chevet, un bureau ou une étagère.<br data-start="1283" data-end="1286" />Il peut être utilisé aussi bien comme <strong data-start="1324" data-end="1343">objet décoratif</strong>, <strong data-start="1345" data-end="1368">cadeau personnalisé</strong> ou <strong data-start="1372" data-end="1391">veilleuse douce</strong>, y compris pour une chambre d’enfant.</p>
<h3 data-start="1436" data-end="1470">Caractéristiques techniques</h3>
<ul data-start="1472" data-end="1783">
<li data-start="1472" data-end="1499">
<p data-start="1474" data-end="1499"><strong data-start="1474" data-end="1486">Format :</strong> 16 × 16 cm</p>
</li>
<li data-start="1500" data-end="1561">
<p data-start="1502" data-end="1561"><strong data-start="1502" data-end="1524">Personnalisation :</strong> photo, illustration, texte, prénom</p>
</li>
<li data-start="1562" data-end="1596">
<p data-start="1564" data-end="1596"><strong data-start="1564" data-end="1577">Contour :</strong> couleur au choix</p>
</li>
<li data-start="1597" data-end="1654">
<p data-start="1599" data-end="1654"><strong data-start="1599" data-end="1614">Éclairage :</strong> LED basse consommation, lumière douce</p>
</li>
<li data-start="1655" data-end="1692">
<p data-start="1657" data-end="1692"><strong data-start="1657" data-end="1674">Fabrication :</strong> française (Ain)</p>
</li>
<li data-start="1693" data-end="1731">
<p data-start="1695" data-end="1731"><strong data-start="1695" data-end="1711">Assemblage :</strong> réalisé à la main</p>
</li>
<li data-start="1732" data-end="1783">
<p data-start="1734" data-end="1783"><strong data-start="1734" data-end="1751">Utilisation :</strong> décoration, cadeau, veilleuse</p>
</li>
<li data-start="1732" data-end="1783"><em data-start="1719" data-end="1801">(adaptateur secteur et câble non fourni — compatible avec chargeur de téléphone standard)</em></li>
</ul>
<h3 data-start="296" data-end="315">Alimentation</h3>
<p data-start="316" data-end="542">Le cadre est alimenté en <strong data-start="341" data-end="366">5V via un câble USB-C</strong>.</p>
<p data-start="316" data-end="542">L’adaptateur secteur et le câble ne sont pas fourni, mais il est <strong data-start="421" data-end="473">compatible avec tous les chargeurs USB standards</strong> (chargeur de téléphone, multiprise USB, batterie externe, port USB).</p>
<h3 data-start="1790" data-end="1806">Idéal pour</h3>
<ul data-start="1807" data-end="1915">
<li data-start="1807" data-end="1841">
<p data-start="1809" data-end="1841">Cadeau de couple ou de mariage</p>
</li>
<li data-start="1842" data-end="1880">
<p data-start="1844" data-end="1880">Cadeau de naissance ou pour enfant</p>
</li>
<li data-start="1881" data-end="1915">
<p data-start="1883" data-end="1915">Souvenir familial ou décoratif</p>
</li>
</ul>

<p>Photo, logo, création artistique ou veilleuse : créez <strong>un cadre LED unique</strong>, à votre image.</p>
